- d**3 - 4 + 3. Let w(j) = j**2 + 4*j. Let i be w(-5). What are the prime factors of b(i)?
2
Let o(p) = 6*p - 20. Let s be o(-6). Let x = s - -99. List the prime factors of x.
43
Let z(s) = 233*s + 46. List the prime factors of z(3).
5, 149
Let v(j) = -9*j**2 - 3*j + 2 + 3*j + 8*j**2 - 59*j**3. What are the prime factors of v(-1)?
2, 3, 5
Suppose -3*r + 49 = -10*r. List the prime factors of 7 + r + 3 + 40.
43
Suppose -907 = -9*s + 1820. List the prime factors of s.
3, 101
Suppose 5*q - 2890 = 3*x, -15*q = -16*q + 3*x + 578. List the prime factors of q.
2, 17
Let d(n) = -5*n**2 - 2*n**2 + 2*n - n**3 - 10*n + 2. Let i be d(-6). Suppose 0 = -2*h + 3*h - i. List the prime factors of h.
2, 7
Let q(b) = -6*b**3 + b**2 + 4*b - 9. What are the prime factors of q(-3)?
2, 3, 5
Suppose 0 = -5*f + 5*l + 1180, -5*l = -3*f - 6*l + 720. List the prime factors of f.
239
Let v(g) = 13*g + 8 - 1 - g**2 - 3*g**2. Let s(t) = 2*t**2 - 7*t - 4. Let c(u) = -5*s(u) - 3*v(u). What are the prime factors of c(3)?
5
Let b be (-1 - 2)*5/(-3). Let f be -4*1*245/(-20). Suppose b*k + f = 154. What are the prime factors of k?
3, 7
Let y(p) = -p**2 + 4*p + 5. Let s be y(5). Suppose 3*c + c - 120 = s. Suppose -38 = -4*a + c. What are the prime factors of a?
17
Suppose 3*g - 11 - 31 = 0. Suppose -19*i = -g*i - 160. List the prime factors of i.
2
Let d be 40/12*(-3)/(-2). Suppose -2*y + 2 = -5*b + 2*b, 2*b - 24 = -d*y. Suppose -4*f + k + 39 = 0, -5*f + b*k + 57 = -2*k. List the prime factors of f.
3
Let t be 3416/(-20) - 1/5. Let v = 47 - t. What are the prime factors of v?
2, 109
Let h(k) = -17*k - 6. Suppose -2 = -d - 1. Let y be -3 + 2/d - 2. List the prime factors of h(y).
3, 5
Let n(t) = 10*t**2 - 32*t + 1. What are the prime factors of n(-5)?
3, 137
Suppose -4*a - f - 34 - 34 = 0, -2*f = 2*a + 34. Let v = -12 - a. Suppose -2*p = -v*g + 14, p = 3*g - 0*p - 8. What are the prime factors of g?
2
Let k be (2 - -8)/(1 + 1). Let a = 10 - k. What are the prime factors of (2/2)/(a/245)?
7
Let o(k) = -k - 4. Let i be o(-3). List the prime factors of 47 - (3 + i/1).
3, 5
Let g(v) = v**2 - 6*v + 3. Let a be g(6). Let j(w) = 4*w - 6. Let m(p) = -3*p + 6. Let l(t) = 4*j(t) + 5*m(t). What are the prime factors of l(a)?
3
Let c(q) = 5*q**3 - q - 3. Let r be c(2). List the prime factors of ((-28)/r)/(-2 - 148/(-75)).
2, 3, 5
Suppose -18 = k - 5*v, -2*k + 3*k = -4*v + 18. What are the prime factors of -1 + 13/(k/2)?
2, 3
Let c = 9 - 7. Let s be (15/9)/(c/6). Suppose -s*d + 14 + 56 = 0. List the prime factors of d.
2, 7
Let h be -1 - ((-8 + 3)/(-5))/(-1). Let s(p) = 5*p - 4*p + 27 - 2*p. List the prime factors of s(h).
3
Let n = -32 + 21. Let h = 23 + n. What are the prime factors of h?
2, 3
Suppose -3854*k + 3851*k + 4773 = 0. What are the prime factors of k?
37, 43
Let h = 930 - 377. List the prime factors of h.
7, 79
What are the prime factors of 6564/(-16)*((-5 - 0) + 1)?
3, 547
Let a = 16 - 11. Suppose -7*d + a*d + 16 = 0. Suppose 3*f - 3*g = 6, 4*f - d = 4*g - 3*g. What are the prime factors of f?
2
Suppose -t - 10 = -12. Suppose 2*q - 90 = -2*y, 2*q + 163 = 3*y - t*q. What are the prime factors of y?
7
Let h = -2872 + 5558. List the prime factors of h.
2, 17, 79
Suppose 0 = t + t - 104. Let u = t + 145. What are the prime factors of u?
197
Let z be -3 + 6 - (-5 - 1). Let d(m) = -z + m**2 - 14 + 5*m + 30. List the prime factors of d(-9).
43
Suppose 4*j = -l + 1360, -4*l + 5*j - 6725 = -9*l. List the prime factors of l.
2, 5, 67
Suppose 3*o + 21*n - 22*n = 4155, -2781 = -2*o - 3*n. List the prime factors of o.
2, 3, 7, 11
Let x(b) be the first derivative of b**3/3 - 13*b**2/2 - 22*b + 5. What are the prime factors of x(15)?
2
Let a(k) = 7 + 12*k**2 + 5 + 3*k - 4*k - 2. What are the prime factors of a(3)?
5, 23
Let g = -608 - -589. Let o(j) = 22*j**2 - 1. Let z be o(-1). Let s = z + g. What are the prime factors of s?
2
Let v(f) = -f**3 + 17*f**2 + 24*f + 33. What are the prime factors of v(16)?
673
Suppose -2631 = -29*t + 4068. List the prime factors of t.
3, 7, 11
Let v = 887 + -575. What are the prime factors of v?
2, 3, 13
List the prime factors of -23 + 19 + 4336 + 6/3.
2, 11, 197
Suppose 0 = -6*t + 49 + 437. List the prime factors of t.
3
Let x = 714 + -710. Let u(r) = r**3 + 5*r**2 - 7*r - 2. Let z be u(-6). Suppose -3*h = m + z, 9 = -m - x*h - 0. What are the prime factors of m?
11
Let y be (5/5 - 2) + 4. Suppose -413 = -y*i - 4*i. What are the prime factors of i?
59
What are the prime factors of (-36)/(-48) + (-18698)/(-8)?
2, 7, 167
Let v(o) = -o - 9 + 38 + 58 + 0*o. What are the prime factors of v(0)?
3, 29
Suppose 3398*q - 3403*q + 11330 = 0. List the prime factors of q.
2, 11, 103
Suppose -31*p - 18870 = -61*p. List the prime factors of p.
17, 37
Let y(q) = -5*q**3 + 6*q**2 + 11*q + 23. List the prime factors of y(-4).
5, 79
What are the prime factors of ((-5)/(-10) - 1)/((-1)/192)?
2, 3
Suppose -8160 = -628*n + 620*n. List the prime factors of n.
2, 3, 5, 17
Let t(h) = h**2 + 3*h + 2. Let z be t(-3). Suppose -3*u + 3*r - 3 = 0, r = z*u + u - 7. Suppose 2*x = -3*p + 6, -6*p + 1 = x - u*p. List the prime factors of x.
3
Let z be (6 + 6)*(-2 - -9). Let r = -58 + z. What are the prime factors of r?
2, 13
Let w(y) = y**2 - 2*y - 7. Let x = 11 + 5. Suppose -r = 3*r + x. What are the prime factors of w(r)?
17
Let q(t) = t**2 + 29*t - 31. Let s be q(-22). Let d = s - -372. What are the prime factors of d?
11, 17
Let k(n) = -n**2 - 9*n + 16. Let f be k(-9). Suppose -r + 16 = 3*o, -2*r + o = -f - 37. What are the prime factors of r?
5
Suppose 0 = -31*x + 25*x + 32730. What are the prime factors of x?
5, 1091
Let f(o) = -o**3 - 5*o**2 + 6*o. Let v be f(-6). Suppose m = -v*m. Suppose m = h + h - 8, r - 8 = 2*h. List the prime factors of r.
2
Suppose 7*z + 5*z - 900 = 0. List the prime factors of z.
3, 5
Suppose -4*d + 5 + 15 = -3*a, -d - 4*a + 24 = 0. Suppose 0 = -5*z - d - 7. What are the prime factors of (-1)/((-10)/(-4) + z)?
2
Let d = -28 + 34. Suppose -d*u - 486 = -9*u. Suppose -5*i = 3*z - 277, 5*i - z - 443 = -u. List the prime factors of i.
2, 7
Let u = -96 + 192. Suppose 4*i = -0*i + u. List the prime factors of i.
2, 3
Let y = -10 - -11. Let v = 3 - y. Suppose v = -2*i + 8. What are the prime factors of i?
3
Suppose -10*i - 5*f + 435 = -8*i, 0 = i - 2*f - 240. What are the prime factors of i?
2, 5, 23
Let m(q) = -31*q**3 - q. Let l be m(-1). Let t = l - -6. What are the prime factors of t?
2, 19
List the prime factors of 93*(-6)/(-36)*68/2.
17, 31
Let l = 2560 - -8. List the prime factors of l.
2, 3, 107
Let j(o) be the first derivative of o**3/3 - 9*o**2/2 + 10*o - 5. List the prime factors of j(-8).
2, 73
Suppose -2*g = -4*p + 12, -p - 3*g = g - 12. Suppose l = -2*l, -l + 8 = p*i. Suppose i*d + 90 = 4*a, 95 = 5*a - 0*d + d. What are the prime factors of a?
2, 5
Let p(a) = 2*a**3 - 3*a**2 + a + 2. Suppose -9*l + l = -16. What are the prime factors of p(l)?
2
Suppose 0*z = 4*z + 44. What are the prime factors of z/1*(-18)/9?
2, 11
Let o = -8 + 8. Suppose -c - 2*m + 25 + 12 = o, 66 = 2*c - 4*m. List the prime factors of c.
5, 7
Suppose -4 = -2*a - 0*a. Suppose -r + 14 = 2*y, 2*r + 0*y - a*y = -2. Suppose 0 = -p + 2*x + 34, 1 = -p - x - r*x. List the prime factors of p.
2, 3
Suppose -4*p + 7 = -133. Suppose 5*k - 3*k = j + 29, -j - 35 = -5*k. Let o = p + j. List the prime factors of o.
2, 5
Suppose 4*o + c = 1692 + 2025, -5*o + 3*c + 4642 = 0. List the prime factors of o.
929
Let f be 0/(8/2 + -3). Suppose 2*z = -f*z + 78. List the prime factors of z.
3, 13
Suppose -18*o + 51*o = 121242. What are the prime factors of o?
2, 11, 167
Suppose 5*o - 15718 = -5203. List the prime factors of o.
3, 701
Let z(i) = -15*i**3 - 5*i**2 - 5*i - 1. Let s be z(-2). Let u = -62 + s. What are the prime factors of u?
47
Suppose 22*b - 189803 + 48629 = 0. List the prime factors of b.
3, 23, 31
Suppose -5*l + 4*s - 610 = 0, -2*l - l = -2*s + 368. Let y be ((-5)/(-2))/((-9)/l). Suppose y + 89 = 3*b - o, -5*b + 220 = o. What are the prime factors of b?
43
Let c(b) = 13*b - 3*b**2 - 3*b**2 + 23 + 5*b**2. What are the prime factors of c(12)?
5, 7
Let f(d) = -d**2 - 6*d + 7. Let o be 4/8*(-12 - 0). Let x be f(o). Let s = 10 - x. List the prime factors of s.
3
Let v(l) = -l + 1. Let f(x) be the seco